6).
3
Let d(p) = -p**3 + 7*p**2 - 11*p + 4. Calculate d(5).
-1
Let t(z) = -3*z + 4. Determine t(-2).
10
Let s(r) = r**2 + 24*r + 124. Calculate s(-14).
-16
Let u(p) = -9*p + 166. Give u(18).
4
Let o(y) = 2*y + 11. Give o(-5).
1
Let b(g) = -9*g - 304. Determine b(-36).
20
Let b(k) = 2*k**2 - k - 4. Give b(0).
-4
Let n(c) = c**2 - 13*c + 27. What is n(8)?
-13
Let y(w) = w**3 + 7*w**2 + 4*w - 5. What is y(-6)?
7
Let t(a) = -2*a. Determine t(6).
-12
Let s(r) = -66*r + 1. What is s(3)?
-197
Let m(d) = -24*d**3 - 1. Calculate m(1).
-25
Let w(d) = -6*d - 3. Determine w(-5).
27
Let d(b) = 15*b - 16. Give d(0).
-16
Let t(g) = -g**2 - 31*g - 160. Calculate t(-25).
-10
Let r(a) = -19*a + 5. Determine r(1).
-14
Let l(o) = -39*o - 182. Calculate l(-4).
-26
Let t(w) = 2*w**2 + 2*w. Give t(5).
60
Let r(y) = 5*y + 3. What is r(-5)?
-22
Let v(r) = -r**3 + 5*r**2 - 4*r - 1. Determine v(2).
3
Let f(y) = -4*y - 5. Determine f(-1).
-1
Let j(m) = 121*m**2 + 5*m - 6. Determine j(1).
120
Let o(z) = z**3 - 7*z**2 + 4*z + 11. Calculate o(6).
-1
Let v(t) = -26*t + 48. What is v(2)?
-4
Let f(s) = -20*s + 1. What is f(1)?
-19
Let l(q) = -2*q**3 - 39*q**2 + 21*q + 41. Determine l(-20).
21
Let x(j) = -6*j + 20. What is x(4)?
-4
Let a(i) = i + 14. Give a(-9).
5
Let y(u) = u**2 + 2*u. Give y(-3).
3
Let i(l) = l**2 + l - 2. Give i(-2).
0
Let d(m) = -m**3 + 4*m**2 - m - 11. What is d(3)?
-5
Let c(v) = -7*v + 4. Calculate c(2).
-10
Let a(i) = -i**2 + 4*i + 57. Give a(-6).
-3
Let v(c) = c**3 - 11*c**2 - 26*c - 14. Determine v(13).
-14
Let v(o) = o**2 - 8*o + 2. Determine v(6).
-10
Let t(u) = -8*u - 13. What is t(-1)?
-5
Let r(p) = 70*p - 488. What is r(7)?
2
Let c(j) = 59*j + 720. Determine c(-12).
12
Let a(k) = 5*k**2 - 14*k - 2. Calculate a(4).
22
Let y(o) = 7*o + 119. What is y(-16)?
7
Let a(d) = 2*d**2 - d + 4. Give a(-3).
25
Let k(p) = p**3 - 12*p**2 + 22*p + 7. What is k(10)?
27
Let s(d) = 2*d**2 - 12*d + 15. Give s(5).
5
Let g(a) = -a**2 - 14*a + 6. Determine g(-15).
-9
Let o(j) = j**2 - 37*j - 113. Determine o(40).
7
Let r(f) = 10*f - 26. Give r(-1).
-36
Let z(x) = 2*x**3 + x**2 - 1. Determine z(1).
2
Let t(a) = 63*a + 46. Give t(-1).
-17
Let s(j) = -j**2 - 24*j + 3. What is s(-24)?
3
Let i(n) = n - 21. Calculate i(11).
-10
Let v(r) = -r**2 + 6. Calculate v(8).
-58
Let r(c) = -c**2 + 105*c - 1. Calculate r(0).
-1
Let v(u) = u**3 - 5*u**2 - 10*u. What is v(6)?
-24
Let u(t) = t**3 - 8*t**2 + 6*t + 6. What is u(6)?
-30
Let v(y) = -5*y**2 - y + 2. Determine v(1).
-4
Let a(q) = 4*q + 109. Calculate a(0).
109
Let d(t) = t**2 - 6. Determine d(-5).
19
Let l(b) = 3*b**2 - 15*b - 6. Give l(5).
-6
Let u(y) = -2*y**3 - 2*y**2 + 3*y + 3. Determine u(-2).
5
Let l(b) = -b**3 - 2*b**2 + 7*b + 6. Give l(-4).
10
Let f(w) = -w**3 - 7*w**2 - 4*w + 6. Calculate f(-6).
-6
Let v(o) = -o**2 + 2*o + 2. What is v(4)?
-6
Let s(g) = g**2 - 19*g - 73. What is s(22)?
-7
Let g(r) = 2*r**2 + 6*r - 4. What is g(-6)?
32
Let h(z) = -17*z**2 - z + 3. What is h(2)?
-67
Let v(i) = -2*i**3 - 10*i**2 + i - 2. Give v(-5).
-7
Let x(r) = r**2 + r - 2. Calculate x(2).
4
Let o(t) = -4*t - 8. What is o(0)?
-8
Let o(w) = -5*w - 1. What is o(3)?
-16
Let m(a) = -12*a - 2. Give m(-3).
34
Let r(i) = -i**2 + 15*i + 36. Give r(17).
2
Let g(y) = 18*y - 31. What is g(0)?
-31
Let y(l) = -l + 12. What is y(-6)?
18
Let n(i) = 37*i + 409. Give n(-11).
2
Let g(q) = q**2 + 8*q - 40. Calculate g(-14).
44
Let z(w) = -3*w**3 - w**2 + w - 7. Give z(2).
-33
Let l(s) = s**2 + 19*s - 17. What is l(-18)?
-35
Let y(c) = 13*c. Give y(1).
13
Let n(p) = -p + 3. What is n(12)?
-9
Let m(v) = -v**3 - 9*v**2 + 8*v - 14. Give m(-10).
6
Let t(c) = -c**3 + 8*c**2 - 5*c - 3. Calculate t(7).
11
Let n(h) = -h + 16. Calculate n(18).
-2
Let f(m) = -4*m**2 - 3*m - 3. Determine f(-2).
-13
Let g(j) = -8*j + 67. Calculate g(9).
-5
Let x(q) = 11*q - 3. What is x(2)?
19
Let s(x) = -14*x**3 - 29*x**2 + x + 8. Calculate s(-2).
2
Let t(a) = a**3 + 23*a**2 + 25*a + 53. Determine t(-22).
-13
Let j(m) = -m**3 - 4*m**2 - m - 2. What is j(-3)?
-8
Let k(a) = -a**3 - 48*a**2 + 47*a - 99. Give k(-49).
-1
Let l(t) = 14*t - 23. Calculate l(4).
33
Let g(d) = -d**3 + 8*d**2 + 10*d + 8. Calculate g(9).
17
Let k(a) = -a**3 + 11*a**2 + 7*a + 28. Calculate k(12).
-32
Let f(v) = v**3 + 35*v**2 - 74*v - 8. What is f(-37)?
-8
Let z(c) = 62*c + 372. Determine z(-6).
0
Let r(m) = -m**3 - 4*m**2 + 25*m + 12. Calculate r(-7).
-16
Let c(b) = 2*b**2 + 19*b + 17. What is c(-8)?
-7
Let s(t) = -14*t**2 + 2*t - 1. Give s(1).
-13
Let n(x) = x**3 - 21*x**2 + 19*x + 26. Calculate n(20).
6
Let u(g) = -3*g**2 + 53*g - 54. What is u(1)?
-4
Let m(v) = 3*v**2 + 5*v - 3. Determine m(-5).
47
Let a(u) = 22*u**3 - 6*u + 2. Calculate a(2).
166
Let k(x) = 4*x**2 - 47*x - 35. Determine k(12).
-23
Let a(s) = -7*s - 118. Give a(-18).
8
Let t(i) = -38*i + 157. Calculate t(4).
5
Let c(v) = -v**3 + 19*v**2 + 6*v - 91. What is c(19)?
23
Let t(f) = 7*f - 5. Give t(-3).
-26
Let h(l) = l - 3. Determine h(12).
9
Let y(r) = r - 4. Determine y(-9).
-13
Let n(a) = -2*a - 158. What is n(-82)?
6
Let j(x) = -5*x + 22. Determine j(0).
22
Let g(l) = -l**3 - 8*l**2 - 14*l - 56. Give g(-7).
-7
Let p(j) = 3*j**2 - 14*j - 23. Calculate p(9).
94
Let n(q) = -q**3 + 28*q**2 - 29*q + 40. Give n(27).
-14
Let z(a) = 5*a**3 + 5*a**2 + 4*a. Give z(-1).
-4
Let s(a) = -4*a**2 - 15*a + 36. Calculate s(-6).
-18
Let b(q) = 3*q**2 - 52*q - 3. Give b(18).
33
Let v(y) = y**2 - 72*y + 516. Determine v(64).
4
Let k(x) = -x**3 + 10*x**2 - 11*x + 9. Determine k(9).
-9
Let m(i) = i + 34. Give m(-6).
28
Let n(j) = j**3 + 5*j**2 - 9*j - 1. Give n(-5).
44
Let b(l) = -186*l + 934. Calculate b(5).
4
Let m(c) = -c**2 + 12*c - 13. Give m(9).
14
Let j(q) = -q**3 - 2*q**2 + 7*q - 3. Give j(3).
-27
Let u(n) = 21*n + 64. Calculate u(-11).
-167
Let f(b) = b**2 - 12*b. Give f(6).
-36
Let a(x) = -x**2 - 12*x + 36. Determine a(-15).
-9
Let i(c) = -c**3 + 19*c - 18. Calculate i(4).
-6
Let h(u) = -2*u**2 + 12*u - 10. What is h(2)?
6
Let h(l) = -l**3 - 12*l**2 + 11*l - 23. Calculate h(-13).
3
Let g(w) = w**3 + 6*w**2 - 6*w - 9. Determine g(-7).
-16
Let j(d) = -8*d**2 - 7*d + 6. Calculate j(1).
-9
Let a(f) = f**3 - 7*f**2 - 23*f + 22. Calculate a(9).
-23
Let g(s) = 23*s + 10. Give g(2).
56
Let x(z) = 2*z**2 - 52*z + 41. Give x(25).
-9
Let s(u) = u**3 + 6*u**2 - 37*u + 17. What is s(-10)?
-13
Let b(d) = -2*d**2 + 15*d + 140. Determine b(13).
-3
Let t(n) = 2*n**2 + 7*n - 17. Give t(3).
22
Let m(o) = 3*o**2 + 23*o - 5. Determine m(-8).
3
Let l(b) = -3*b + 2. Determine l(6).
-16
Let h(t) = 7*t**3 + 2*t**2 - 2*t. What is h(-2)?
-44
Let z(l) = -7*l + 79. Give z(12).
-5
Let k(m) = -m**2 - 17*m + 268. What is k(10)?
-2
Let y(t) = t**2 + 43*t + 85. Determine y(-2).
3
Let s(f) = -f**3 - 10*f**2 + 17*f + 15. Determine s(-11).
-51
Let g(y) = -41*y**2 + 2*y - 3. Determine g(1).
-42
Let u(h) = h**3 + 4*h**2 - 2*h - 1. Determine u(0).
-1
Let i(b) = 2*b**3 - b**2 - 5*b + 4. Determine i(3).
34
Let z(d) = d**2 + 18*d + 27. Give z(-15).
-18
Let a(f) = -f**3 + 5*f**2 + 5*f + 8. Calculate a(6).
2
Let c(w) = -67*w - 135. Determine c(-2).
-1
Let y(k) = 13*k + 64. Determine y(-5).
-1
Let k(o) = -6*o - 50. Determine k(-9).
4
Let c(v) = -v**3 - 2*v**2 + 2. Determine c(-3).
11
Let p(h) = -7*h - 8. Give p(-11).
69
Let p(o) = -o**3 + 4*o**2 - 3*o - 1. Determine p(3).
-1
Let h(c) = -66*c + 259. What is h(4)?
-5
Let c(a) = -3*a + 46. What is c(11)?
13
Let t(r) = r**2 + 7*r - 13. Determine t(-8).
-5
Let j(s) = 4*s**3 - 3*s**2 + 8*s - 13. Determine j(2).
23
Let a(f) = f**3 + 7*f**2 + 6*f - 9. Determine a(-6).
-9
Let c(p) = -5*p + 4. Calculate c(14).
-66
Let f(c) = -2*c**3 + c**2 + 2. Calculate f(2).
-10
Let v(p) = 7*p**2 - 50*p. Give v(5).
-75
Let c(q) = -q**3 - 8*q**2 + 9*q + 7. Calculate c(-9).
7
Let m(y) = y**3 + 6*y**2 - 5*y - 2. Calculate m(-6).
28
Let u(p) = p**2 - 13*p - 92. What is u(18)?
-2
Let n(c) = 3*c + 21. What is n(-6)?
3
Let x(k) = 24*k. Determine x(-1).
-24
Let d(z) = -z + 4. Determine d(-4).
8
Let m(w) = w**3 - 3*w**2 - w + 2. What is m(4)?
14
Let v(t) = t**3 + 20*t**2 - 20*t + 12. Give v(-21).
-9
Let x(h) = h**3 - 2*h**2 - 5*h + 6. Determine x(1).
0
Let a(x) = x**2 - 11*x + 19. Give a(11).
19
Let y(r) = r**2 + 15*r - 21. Determine y(-15).
-21
Let w(x) = x**3 + 6*x**2 - 42*x - 